z and 32?
2
Suppose 0 = 5*f - 4337 - 1903. Let l be f/42 - (-2)/7. Suppose -o + 33 = 2*p, -l = -3*p + 2*p - 5*o. Calculate the greatest common factor of p and 5.
5
Let o = -517 + 625. Suppose 5*x - 3*p + 5 = 0, 0*p = 3*p - 15. Suppose -x*h = -0*h - 2*j - 16, 2*h + j = 28. What is the highest common factor of o and h?
12
Suppose c + c = 8, x - 3*c = -4. Suppose -x*t + 10*t + 4*h + 6 = 0, 3*h = -12. Calculate the highest common factor of 8 and t.
1
Let g(f) = -64*f + 316. Let w be g(4). What is the highest common divisor of w and 1280?
20
Let u(d) = -d + 4. Let m be (-8)/(-20) - 17/5. Let q be u(m). Suppose 6*s + 28 = q*s. What is the highest common factor of s and 4?
4
Let t be (-9852)/(-32) - 2/(-16). Let w(x) = -2*x**3 - 4*x**2 + 14*x + 8. Let p be w(-5). What is the greatest common factor of t and p?
44
Let o(z) = -z**3 - 59*z**2 - 55*z - 1635. Let r be o(-63). What is the highest common divisor of r and 12?
6
Let y = 929 - 410. Let p = y + -467. Calculate the greatest common divisor of 26 and p.
26
Suppose -39 = 10*h - 399. Let n = 380 - 344. What is the highest common factor of h and n?
36
Suppose 24 = 2*o - 5*s, o + 0*o - 3*s - 14 = 0. Let l be (-57 - -51)/((-1)/o). Calculate the greatest common factor of l and 12.
12
Suppose -2*z + 3*n + 58 = -291, -3*z - 2*n + 556 = 0. Let k = z + -57. Calculate the greatest common divisor of 50 and k.
25
Let s = -15407 + 15533. What is the highest common factor of s and 5166?
126
Suppose 19*s = -41 - 16. Let a be (-6 + 1)*(s + -2 + 1). Calculate the highest common factor of 45 and a.
5
Let o = 28622 + -24816. What is the greatest common factor of o and 242?
22
Suppose -3*h + 23 = -52. Suppose -p = 4*p + h. Let b be p*(2 - 1)*(-1)/1. What is the highest common divisor of b and 2?
1
Suppose -51*o + 21692 - 374 = 0. Let i = 38 - 16. Calculate the highest common factor of i and o.
22
Suppose 32*b - 85932 = 10*b. Let l be b/(-21)*((-21)/9 - -2). Calculate the greatest common divisor of l and 682.
62
Let u be 49184/80*-3*((-156)/18 - -7). What is the highest common factor of u and 232?
58
Let s = 2258 - 2250. Calculate the highest common divisor of s and 3352.
8
Suppose 58 = 5*c - 152. Let l(o) = 14 + 89*o - 223*o + 75*o + 4*o**2 + 83*o. Let q be l(-6). What is the highest common factor of c and q?
14
Let s = 330019 - 329919. Let i = 246 - 121. Calculate the greatest common divisor of s and i.
25
Let d = 3734 + -3650. Calculate the greatest common divisor of 2324 and d.
28
Suppose -262 = 5*z - 7*z. Let s = z - 83. Calculate the greatest common factor of s and 384.
48
Suppose -2*w = -j - 7, 0 = -2*w - 1 + 11. Suppose j*c + 517 = -s, -2*c - 121 = -s + 217. Let x = -97 - c. Calculate the greatest common factor of 37 and x.
37
Let d = 12695 - 10628. What is the greatest common factor of d and 234?
39
Let l(m) = -27*m + 26*m + 212 - 20*m - 19*m. Let t be l(5). Calculate the highest common divisor of t and 16.
4
Let u be 1*(-226 - 7)*1. Let p = -212 - u. Calculate the greatest common divisor of 168 and p.
21
Suppose -10*v - 5*g - 14 = -11*v, 0 = 2*v - 4*g - 34. Suppose -6*r = -10*r + 152. What is the greatest common factor of r and v?
19
Suppose 2*f - p = -0*p + 65, 2*p = -3*f + 115. Let n = f - 2. Calculate the highest common divisor of n and 88.
11
Suppose 0 = 2*z + n - 75, 2*n = -2*n - 4. Calculate the greatest common factor of z and 19.
19
Let r(w) = -w**3 + 6*w**2 + 15*w - 31. Let j be r(7). Suppose -5*u = -j, 3*q + 2*u = -u + 561. What is the highest common factor of 28 and q?
14
Let s be ((-8)/3)/((-16)/156). What is the greatest common divisor of 36 and s?
2
Suppose 244*u - 243*u = -7. Let v be (1 - -8)*u/((-21)/2). Calculate the highest common divisor of 318 and v.
6
Let k be (-86)/(-18) + -8*7/(-252). Suppose h = 3*g + 10, -4*g = 8*h - k*h - 17. Let n be 0 + 0 + 1 + 0. What is the highest common divisor of n and h?
1
Let y(h) = 3*h**3 + 8*h**2 + 6*h - 3. Let m be y(-3). Let k = m - -144. Let l = k + -76. Calculate the highest common divisor of l and 57.
19
Suppose -i + p = -28, -3*p = i - 4 - 8. Suppose -4*l = -2*h - 71 - 159, 0 = -3*l - 5*h + 283. What is the highest common factor of i and l?
6
Let a = 1390 - 215. Suppose 5*q = 5*v - a, 2*v - 3*q = 359 + 106. Calculate the highest common divisor of 15 and v.
15
Let v be -3 + 8/2 + 0. Let f be (9 + 2)/(v/4). Let a be (168/(-7))/(-6) + -1 - -52. Calculate the greatest common divisor of f and a.
11
Let k(a) = 118*a + 2. Let s be (-4)/(-16 + -4) - (-8)/10. Let u be k(s). What is the greatest common divisor of 75 and u?
15
Let y(q) = -q**3 + 12*q**2 - 15*q + 192. Let s be y(8). Calculate the highest common divisor of 8 and s.
8
Let h(q) = -4 - 5*q**2 - 5*q + q**3 - 1 - 8*q. Let y be h(7). Suppose 0 = d + x - 5, -d = -4*x - 12 + y. Calculate the greatest common factor of d and 4.
2
Let r(z) = 5*z**2 - 4*z + 33. Let s = -231 - -238. Let b be r(s). Calculate the highest common factor of 50 and b.
50
Let q = -14541 - -14611. What is the greatest common factor of q and 5026?
14
Suppose 30*o - 3260 = 310. What is the greatest common factor of 23443 and o?
119
Let u be 7 - 2 - (-67 + 6). Suppose 4*m + g - 76 = -3*g, -4*m = 2*g - u. Calculate the highest common factor of m and 224.
14
Suppose -1976 = -3*w + h - 8, 2631 = 4*w + h. Calculate the highest common divisor of w and 949.
73
Let c(k) = -6*k - 25. Let l be c(-10). Let h be ((-49)/(-7) + -15 - -209) + 2. Calculate the greatest common factor of h and l.
7
Let y be ((49/(-14) - -4)*-2)/((-1)/57). Let k(p) = -22*p**3 + 3*p + 1. Let u be k(-2). What is the greatest common factor of u and y?
57
Let h be (0*5/25)/(-1). Suppose 117 = m - h*m. Suppose 0 = 3*l - 5*l + 26. What is the highest common factor of l and m?
13
Let b(n) = -n**3 + 95*n + 25. Let k be b(-10). What is the highest common divisor of k and 3200?
25
Let j be 4/9 - 3654/567 - -644. What is the greatest common factor of 928 and j?
58
Suppose 5 - 15 = i. Let k be (-1198)/i + ((-256)/(-40))/(-8). Calculate the highest common factor of k and 34.
17
Suppose -t + 3*b = -0*b - 16, -t + 11 = 2*b. Let m be 2252/36*6 + (-5)/(-3). What is the highest common divisor of m and t?
13
Let m(g) = 2*g**3 - 47*g**2 - 22*g - 23. Let f be m(24). Suppose -f*v - 650 = -30*v. Calculate the highest common divisor of v and 5.
5
Let o(r) = 2*r**3 - 16*r**2 + 6*r - 42. Let y be o(8). Suppose -3*b - 13 = 3*s - 7*b, y = 2*s + b. Calculate the highest common factor of 79 and s.
1
Let w(r) = r**3 + 2*r**2 - r + 10. Let s be w(-3). Let i be ((s - 5)/1)/(-1). Let p = 25 - 14. What is the highest common divisor of i and p?
1
Let u(s) = 418*s + 3856. Let k be u(-9). Calculate the greatest common divisor of k and 846.
94
Let h(j) be the second derivative of -3*j**5/20 - j**3 - 7*j**2/2 - 92*j. Let x be h(-1). Let k = -2 + 4. Calculate the highest common divisor of k and x.
2
Suppose 3*f - 684 = 3*w, 444 + 428 = 4*f + w. Suppose -i - 5*y = -10, -2*i = -0*i + 5*y - 30. What is the highest common divisor of i and f?
20
Suppose -3*c + 4*t = -120, 4*t - 3*t - 177 = -5*c. Suppose -51*n = 36785 + 9880. Let y = -897 - n. What is the greatest common factor of y and c?
18
Suppose 3*b = 5*s - 25418, -157*b = -s - 154*b + 5086. Calculate the greatest common factor of 39 and s.
13
Suppose -54*v - 137*v = 335*v - 244590. Let f(s) = s**3 + 2*s**2 - 2*s + 5. Let l be f(4). Calculate the greatest common divisor of v and l.
93
Suppose -8*r + r = -44*r + 10471. Calculate the greatest common factor of r and 35941.
283
Suppose k = -3*k + 20. Suppose 0 = -k*a + 1 + 69. Suppose -914 = -31*z + 822. What is the greatest common divisor of z and a?
14
Let r be 2 + (-4)/4 + -1. Let s be (-1)/(-1) - -3 - r. Suppose 3*n - 2*x = -s - 3, 5*n - 10 = -x. Calculate the greatest common divisor of 1 and n.
1
Suppose 3*p + 5 = 5. Suppose p = 3*x - 3*a - 78, 8*x - 3*x - 4*a = 128. Let u(o) = -o + 3. Let q be u(-5). What is the greatest common divisor of q and x?
8
Suppose -19*x + 50*x = 248. Let u be -2 + 2 - (-41 - -1). Calculate the greatest common factor of u and x.
8
Let v(c) = 125*c + 13. Let g be v(4). Suppose -5*u + g = 4*i, 3*u + 5*i = 2*u + 90. Let d = u + -57. Calculate the greatest common divisor of d and 6.
6
Let y = 36609 - 23859. What is the greatest common factor of 100 and y?
50
Let r be (1290/75)/(4/300)